 and n?
14
Let p(k) = -k**2 + 6*k + 150. Let o be p(15). What is the highest common divisor of 120 and o?
15
Suppose 5*i - b + 4*b + 15 = 0, -4*i + 5 = -b. Suppose i*t = 2*t - 140. Suppose -30*w - 12*w + 1176 = 0. What is the greatest common factor of w and t?
14
Let n(z) = 3*z**3 + 1. Let y be n(1). Suppose -6 = y*j - 10. Calculate the greatest common factor of 4 and j.
1
Let k(l) = 19*l - 136. Let s be k(14). What is the greatest common divisor of s and 26?
26
Let h = 912 + -874. Calculate the greatest common divisor of 551 and h.
19
Suppose 1 = -4*d + 5, 3*y - d = 251. Let q = 115 - 59. What is the greatest common factor of y and q?
28
Suppose -u + 6*u = 4*u. Suppose u*f - 12 = f + 5*k, -4*f - 3*k + 3 = 0. What is the greatest common divisor of 12 and f?
3
Let d = 0 + 8. Suppose -d*k + 20 = -3*k. Suppose 5*m = 5*u + 20, -2*m + k*u - u + 5 = 0. What is the greatest common factor of m and 63?
7
Let q be 9*((-2)/(-2) - -2). Let p = 37 - q. What is the greatest common factor of 40 and p?
10
Let p be 1 - (72/(-2) - 0). Let h = p - -17. Let b(j) = -j**2 + 17*j - 16. Let a be b(4). Calculate the highest common divisor of a and h.
18
Let c be 2/(-10) - 10/(-25)*408. Let f = 235 - c. What is the highest common factor of 12 and f?
12
Let q be -3*(-476)/21 - 1*-2. Calculate the greatest common factor of 112 and q.
14
Let v = -11 + 3. Let n be (0 - v)/(2*1/1). Calculate the greatest common factor of n and 16.
4
Let s be (8/6)/(3/18). Suppose 3*u - 5 - 38 = -5*f, -2*u = f - 10. Calculate the greatest common factor of f and s.
8
Let b be 8/(-16)*14 - -61. Let z = -24 - -26. What is the greatest common divisor of z and b?
2
Suppose 0 = -2*f - s + 89, 2*f - 31 - 64 = 5*s. Calculate the greatest common factor of 105 and f.
15
Suppose y = n + 1, 0*n + 2*n = -2*y + 18. Suppose 0 = -2*x + 3*o + 34, -4*x + 46 = y*o - 0. What is the highest common factor of x and 98?
14
Suppose 4*q - 255 = 245. Let c be 2/3*(-30)/(-4). Suppose c*u = 0, 3*u - 200 = -4*r + u. Calculate the highest common factor of r and q.
25
Let w(j) = 6*j + 86. Let k be w(-9). Calculate the greatest common divisor of k and 20.
4
Suppose -5*v - 2*a = -0*v, -v - 2*a = 0. Let g be 1 - (v - (0 + 160)). What is the highest common divisor of g and 23?
23
Suppose 0 = -11*c + 9495 + 1417. What is the highest common factor of 64 and c?
32
Suppose 4*g + 1265 = v + 9*g, 2*g - 5096 = -4*v. What is the highest common factor of v and 85?
85
Suppose 9591*o - 9596*o = -240. What is the highest common factor of 2136 and o?
24
Let l = 57 - 61. Let i be (20/(-3))/(l/(-66)*-1). What is the greatest common factor of i and 10?
10
Let y be (34/(-4))/((-2)/4). Let a = 7 - y. Let s be 4*-1 - (-3 + a). What is the highest common factor of 99 and s?
9
Suppose 3*z = -9, 4*q - 5*z - 100 = -q. Suppose -5*r = 4*c - 6*r - 382, 4*r = -c + 87. Let y = c + q. What is the greatest common divisor of y and 14?
14
Let t = -766 - -934. Calculate the greatest common factor of 308 and t.
28
Suppose 21*w = 85 + 209. Let k = 1 - 2. Let p be (k + 2 + -2)*-2. What is the greatest common divisor of w and p?
2
Suppose -5*t - 121 = 104. Let q be (-108)/10*(t/2)/9. What is the greatest common factor of 27 and q?
27
Let o be ((-40)/(-50))/((-10)/(-325)). Calculate the greatest common factor of o and 65.
13
Suppose 4*i = 3*g - 30, -g - 4 - 2 = 4*i. Let q(b) = -b**3 + b**2 - 1. Let l be q(0). Let z = g + l. Calculate the greatest common factor of z and 10.
5
Suppose -93 = -5*a - 2*x + 94, -a + 34 = -3*x. Let w be (-3)/(90/4) + (5386374/(-270))/(-49). Calculate the highest common divisor of w and a.
37
Let q = -17 - -35. Let y = 15 + -15. Suppose 3*p + 0*p - 594 = y. What is the greatest common divisor of p and q?
18
Suppose 35*j - 387 - 103 = 0. What is the highest common divisor of 6 and j?
2
Suppose 51*n - 88*n + 8288 = 0. Calculate the greatest common divisor of n and 140.
28
Suppose 28*g - 42 = 7*g. Suppose -g*m + 119 = -5*o + 2*o, 0 = 5*m + 5*o - 285. What is the highest common divisor of m and 638?
58
Let p = -13 - -8. Let g = -3 - p. Suppose 0 = n - 5*i + 27 - 8, -2*i - 2 = -2*n. What is the greatest common divisor of g and n?
2
Let m(k) = k**3 - 28*k**2 - k + 51. Let x be m(28). What is the highest common factor of x and 207?
23
Let k(q) = 4*q**3 - 4*q**2 - q - 10. Let j be k(4). What is the greatest common divisor of 2 and j?
2
Suppose -6*t = -5*t + 86. Let y = 122 + t. What is the greatest common divisor of y and 9?
9
Suppose -4*x + 140 - 12 = 0. Suppose -g = -m - x, -3*g - 3*m = 2*g - 128. What is the highest common factor of g and 196?
28
Let k(x) = -x**2 + 20*x - 28. Let p be k(14). Calculate the highest common factor of 896 and p.
56
Suppose -3 = 2*q + q. Let i be 39/2 + q/(-2). Suppose -4*b = i, -3*k + b + 39 = -2*k. What is the highest common divisor of 51 and k?
17
Suppose -5*w + 39 + 621 = 0. Suppose -2*m + 44 = -o, -m + 2*o + 40 = m. Suppose -5*l = -7*l + m. Calculate the highest common factor of l and w.
12
Suppose 3*c - 3771 = -3*z, 8*z = 3*z - 2*c + 6276. What is the greatest common divisor of 66 and z?
66
Let b = -42 + 78. Suppose h = 8*h. Let g be h/(-1 - -3) + 12. Calculate the greatest common divisor of b and g.
12
Let o = 2489 - 1799. What is the greatest common factor of o and 30?
30
Let q be 6*6/(36/21). Let k(u) = 11*u + 11. Let d be k(9). Let z = 215 - d. Calculate the greatest common divisor of q and z.
21
Let r = 232 + -228. Calculate the greatest common divisor of 36 and r.
4
Let q = 1196 - 1131. What is the highest common factor of 208 and q?
13
Suppose 2*w - 430 = -4*t - t, -5*t = -w + 200. What is the greatest common divisor of 490 and w?
70
Let u = 405 - 392. Let g(h) = -h + 22. Let y be g(9). Calculate the highest common factor of y and u.
13
Suppose -10*y - 79 + 559 = 0. Let c = -42 + y. Calculate the highest common divisor of c and 2.
2
Let m = -134 - -161. What is the greatest common factor of 3 and m?
3
Let v(a) = -2*a - 11. Let g be v(-7). Suppose 14 - 56 = -g*r. Calculate the highest common factor of 98 and r.
14
Suppose 566 = 7*r - 204. What is the greatest common divisor of 44 and r?
22
Suppose -14*z - 470 + 666 = 0. Calculate the greatest common divisor of z and 4396.
14
Suppose -4*w + 0*w + 784 = 4*p, 2*p = -4*w + 788. What is the greatest common factor of w and 11?
11
Suppose 4*f = 11*f - 126. What is the highest common divisor of 6 and f?
6
Suppose 0 = -3*j - j + 936. Suppose 8*l = 99 + 109. Calculate the highest common divisor of l and j.
26
Suppose 211*o - 206*o + 2*s - 798 = 0, -2*o = -4*s - 324. Calculate the greatest common factor of 280 and o.
40
Let g = 18 - -18. Suppose 13*o - 19*o + g = 0. What is the highest common factor of 4 and o?
2
Let i be (-2 - -3)/(16/32). Suppose -5*v + 32 = -78. Calculate the greatest common factor of i and v.
2
Let j(s) = -s**2 + s - 24. Let q(h) = 3*h**2 - 4*h + 73. Let n(w) = 8*j(w) + 3*q(w). Let m be n(7). What is the highest common factor of m and 36?
12
Let r = 3 - -33. Let i(z) = z**3 - 4*z**2 + 7*z - 3. Let k be i(5). Let g be (-2)/(-6) + 209/k. Calculate the greatest common factor of r and g.
4
Let h = -129 + 141. Suppose 3*y = -2*o - 11, 4*o - 3*y - 5 = -0. Let r(s) = -7*s - 1. Let p be r(o). What is the greatest common factor of h and p?
6
Let m be (-2)/(-4 - 120/(-28)). Let v be (m + 103)/(-1 + 2). Suppose -o + 6 = -6. Calculate the highest common divisor of o and v.
12
Let h be 15 + (1 + (-8)/6)*-3. What is the highest common divisor of h and 8?
8
Let a(v) = 2*v**2 - 75*v + 343. Let c be a(5). Calculate the highest common factor of 450 and c.
18
Suppose -4*x + 5*y = -19, -3*y - 4 - 5 = 0. Let z(k) = 16*k**2. Let i be z(x). Calculate the greatest common divisor of 8 and i.
8
Let x = -114 - -228. What is the greatest common factor of 6 and x?
6
Let f be (-193)/(-6) - 2/12. Let d be -4*2/(-8)*256. Calculate the greatest common divisor of f and d.
32
Suppose -3*g + 19 = 7. Let j be 72/((g - 2)/2). Let f(u) = -5*u - 21. Let m be f(-6). What is the greatest common divisor of m and j?
9
Let g = 667 + -590. Let d = 7 + 15. What is the highest common divisor of d and g?
11
Suppose 0 = -4*i + 2*i + 10. Suppose d + 50 = -4*d. Let w(r) = -r + 25. Let o be w(d). What is the greatest common divisor of i and o?
5
Let c(b) = -6*b + 2. Let n be c(-4). Suppose 2